{"id":166,"date":"2014-09-19T10:23:06","date_gmt":"2014-09-19T09:23:06","guid":{"rendered":"https:\/\/www.dukom-plin.hr\/_plin\/?page_id=166"},"modified":"2022-07-11T09:21:59","modified_gmt":"2022-07-11T08:21:59","slug":"dokumentacija-za-pravne-osobe","status":"publish","type":"page","link":"https:\/\/www.dukom-plin.hr\/_plin\/prikljucci\/dokumentacija-za-pravne-osobe\/","title":{"rendered":"Dokumentacija za pravne osobe"},"content":{"rendered":"<p><span style=\"color: #3f3f3f;\">Za priklju\u010dak na distributivnu plinsku mre\u017eu:<\/span><br style=\"color: #3f3f3f;\" \/><br style=\"color: #3f3f3f;\" \/><span style=\"color: #3f3f3f;\">&#8211;\u00a0<\/span><b>2x fotokopija pravomo\u0107ne gra\u0111evinske dozvole<\/b><span style=\"color: #3f3f3f;\">\u00a0ili potvrdu glavnog projekta ili drugi valjani dokument koji zamjenjuje gra\u0111evinsku dozvolu, sukladno Zakonu o prostornom planiranju i gra\u0111enu (NN76\/07, 38\/09)<\/span><br style=\"color: #3f3f3f;\" \/><span style=\"color: #3f3f3f;\">&#8211;\u00a0<\/span><b>2x kopiju katastarskog plana \u010destice<\/b><span style=\"color: #3f3f3f;\">\u00a0sa usrtanim objektom za kojeg se tra\u017ei priklju\u010dak (ne stariji od 6 mjeseci)<\/span><br style=\"color: #3f3f3f;\" \/><span style=\"color: #3f3f3f;\">&#8211;\u00a0<\/span><b>ugovor<\/b><span style=\"color: #3f3f3f;\">\u00a0ili drugi valjani dokument iz kojeg je vidljivo\u00a0<\/span><b>sufinanciranje opskrbne plinovodne mre\u017ee<\/b><span style=\"color: #3f3f3f;\">\u00a0na koju se predvi\u0111a priklju\u010dak (ako podnosioc posjeduje tra\u017eeno)<\/span><br style=\"color: #3f3f3f;\" \/><span style=\"color: #3f3f3f;\">&#8211;\u00a0<\/span><b>projekt plinske instalacije<\/b><span style=\"color: #3f3f3f;\">\u00a0<\/span><br style=\"color: #3f3f3f;\" \/><br style=\"color: #3f3f3f;\" \/><span style=\"color: #3f3f3f;\">Temeljem gore navedenog DUKOM PLIN d.o.o. &#8211; OPERATER DISTRIBUCIJSKOG SUSTAVA izdati \u0107e ENERGETSKU SUGLASNOST o mogu\u0107nosti priklju\u010denja (\u010dl.87. Op\u0107ih uvjeta za opskrbu prirodnim plinom &#8211; NN43\/09)<\/span><br style=\"color: #3f3f3f;\" \/><span style=\"color: #3f3f3f;\">(rok izdavanja iste je do 30 dana, ista se pla\u010da kod preuzimanja 221,40kn, \u010dl.10 st.8 naprijed navedenih O.U. za instaliranu snagu do 80kW\/h)<\/span><br style=\"color: #3f3f3f;\" \/><br style=\"color: #3f3f3f;\" \/><span style=\"color: #3f3f3f;\">Po dobivenoj ENERGETSKOJ SUGLASNOSTI podnosioc &#8211; vlasnik gra\u0111evine pristupa ugovaranju priklju\u010denja gra\u0111evine &#8211; obiteljske ku\u0107e na opskrbnu plinovodnu mre\u017eu.<\/span><\/p>\n","protected":false},"excerpt":{"rendered":"<p>Za priklju\u010dak na distributivnu plinsku mre\u017eu:&#8211;\u00a02x fotokopija pravomo\u0107ne gra\u0111evinske dozvole\u00a0ili potvrdu glavnog projekta ili drugi valjani dokument koji zamjenjuje gra\u0111evinsku dozvolu, sukladno Zakonu o prostornom planiranju i gra\u0111enu (NN76\/07, 38\/09)&#8211;\u00a02x kopiju katastarskog plana \u010destice\u00a0sa usrtanim objektom za kojeg se tra\u017ei priklju\u010dak (ne stariji od 6 mjeseci)&#8211;\u00a0ugovor\u00a0ili drugi valjani dokument iz kojeg je vidljivo\u00a0sufinanciranje opskrbne plinovodne [&hellip;]<\/p>\n","protected":false},"author":1,"featured_media":0,"parent":17,"menu_order":4,"comment_status":"closed","ping_status":"closed","template":"","meta":{"footnotes":""},"class_list":["post-166","page","type-page","status-publish","hentry"],"_links":{"self":[{"href":"https:\/\/www.dukom-plin.hr\/_plin\/wp-json\/wp\/v2\/pages\/166","targetHints":{"allow":["GET"]}}],"collection":[{"href":"https:\/\/www.dukom-plin.hr\/_plin\/wp-json\/wp\/v2\/pages"}],"about":[{"href":"https:\/\/www.dukom-plin.hr\/_plin\/wp-json\/wp\/v2\/types\/page"}],"author":[{"embeddable":true,"href":"https:\/\/www.dukom-plin.hr\/_plin\/wp-json\/wp\/v2\/users\/1"}],"replies":[{"embeddable":true,"href":"https:\/\/www.dukom-plin.hr\/_plin\/wp-json\/wp\/v2\/comments?post=166"}],"version-history":[{"count":4,"href":"https:\/\/www.dukom-plin.hr\/_plin\/wp-json\/wp\/v2\/pages\/166\/revisions"}],"predecessor-version":[{"id":8065,"href":"https:\/\/www.dukom-plin.hr\/_plin\/wp-json\/wp\/v2\/pages\/166\/revisions\/8065"}],"up":[{"embeddable":true,"href":"https:\/\/www.dukom-plin.hr\/_plin\/wp-json\/wp\/v2\/pages\/17"}],"wp:attachment":[{"href":"https:\/\/www.dukom-plin.hr\/_plin\/wp-json\/wp\/v2\/media?parent=166"}],"curies":[{"name":"wp","href":"https:\/\/api.w.org\/{rel}","templated":true}]}}