{"id":66,"date":"2014-07-23T09:42:42","date_gmt":"2014-07-23T09:42:42","guid":{"rendered":"https:\/\/www.dukom-plin.hr\/_plin\/?page_id=66"},"modified":"2022-07-11T09:15:10","modified_gmt":"2022-07-11T08:15:10","slug":"serviseri","status":"publish","type":"page","link":"https:\/\/www.dukom-plin.hr\/_plin\/plin\/serviseri\/","title":{"rendered":"Serviseri"},"content":{"rendered":"<p><b style=\"color: #3f3f3f;\">DUKOM PLIN d.o.o.<\/b><span style=\"color: #3f3f3f;\">\u00a0ne obavlja servisne usluge na popravku &#8211; servisiranju plinskih tro\u0161ila. Vr\u0161imo uslugu pu\u0161tanja u rad, ve\u0107 montiranih plinskih tro\u0161ila i njihovu regulaciju.\u00a0<\/span><br style=\"color: #3f3f3f;\" \/><br style=\"color: #3f3f3f;\" \/><span style=\"color: #3f3f3f;\">Servis plinskih tro\u0161ila mo\u017ee se zatra\u017eiti na adresi upisanoj u knji\u017eici &#8211; uputstva za kori\u0161tenje (garantni list) ili kod OVLA\u0160TENIH plinoservisera!\u00a0<\/span><\/p>\n<p><a href=\"http:\/\/www.junkers.com.hr\/\" target=\"_blank\" rel=\"noopener\"><img decoding=\"async\" src=\"wp-content\\themes\\enfold\\images\\layout\\junkers_logo.gif\" alt=\"\" \/><\/a><\/p>\n<p><a href=\"http:\/\/www.vaillant.hr\" target=\"_blank\" rel=\"noopener\"><img decoding=\"async\" src=\"wp-content\\themes\\enfold\\images\\layout\\vaillant_logo.gif\" alt=\"\" \/><\/a><\/p>\n","protected":false},"excerpt":{"rendered":"<p>DUKOM PLIN d.o.o.\u00a0ne obavlja servisne usluge na popravku &#8211; servisiranju plinskih tro\u0161ila. Vr\u0161imo uslugu pu\u0161tanja u rad, ve\u0107 montiranih plinskih tro\u0161ila i njihovu regulaciju.\u00a0Servis plinskih tro\u0161ila mo\u017ee se zatra\u017eiti na adresi upisanoj u knji\u017eici &#8211; uputstva za kori\u0161tenje (garantni list) ili kod OVLA\u0160TENIH plinoservisera!\u00a0<\/p>\n","protected":false},"author":1,"featured_media":0,"parent":15,"menu_order":4,"comment_status":"closed","ping_status":"closed","template":"","meta":{"footnotes":""},"class_list":["post-66","page","type-page","status-publish","hentry"],"_links":{"self":[{"href":"https:\/\/www.dukom-plin.hr\/_plin\/wp-json\/wp\/v2\/pages\/66","targetHints":{"allow":["GET"]}}],"collection":[{"href":"https:\/\/www.dukom-plin.hr\/_plin\/wp-json\/wp\/v2\/pages"}],"about":[{"href":"https:\/\/www.dukom-plin.hr\/_plin\/wp-json\/wp\/v2\/types\/page"}],"author":[{"embeddable":true,"href":"https:\/\/www.dukom-plin.hr\/_plin\/wp-json\/wp\/v2\/users\/1"}],"replies":[{"embeddable":true,"href":"https:\/\/www.dukom-plin.hr\/_plin\/wp-json\/wp\/v2\/comments?post=66"}],"version-history":[{"count":6,"href":"https:\/\/www.dukom-plin.hr\/_plin\/wp-json\/wp\/v2\/pages\/66\/revisions"}],"predecessor-version":[{"id":68,"href":"https:\/\/www.dukom-plin.hr\/_plin\/wp-json\/wp\/v2\/pages\/66\/revisions\/68"}],"up":[{"embeddable":true,"href":"https:\/\/www.dukom-plin.hr\/_plin\/wp-json\/wp\/v2\/pages\/15"}],"wp:attachment":[{"href":"https:\/\/www.dukom-plin.hr\/_plin\/wp-json\/wp\/v2\/media?parent=66"}],"curies":[{"name":"wp","href":"https:\/\/api.w.org\/{rel}","templated":true}]}}